j + 54. Let t be i(-27). Calculate the remainder when 207 is divided by (14 - (t - 2))*3/3.
15
Suppose 10*q + 148 = -92. Calculate the remainder when 138 is divided by ((-90)/q)/(6/32).
18
Let j(g) = -g**3 - 4*g**2 - 3*g + 2. Let m be j(-3). Suppose m*d = 14 - 18. Calculate the remainder when 36 is divided by (-37)/(-2) + (-1)/d.
17
Suppose 120*o - 8532 = 66*o. Let g(l) = -l**3 + 7*l**2 - 7*l + 1. Calculate the remainder when o is divided by g(5).
14
Let j = 318 - 84. What is the remainder when -514*((-2)/(-9) - j/324) is divided by 37?
35
Let h(p) = -p**3 - 2*p**2 - 5*p + 3. Calculate the remainder when 5962 is divided by h(-2).
8
Suppose q = 0, g + 2*q + 5 = 2*g. Suppose 2*w = g*z + 105 + 383, 0 = -4*w + 4*z + 988. What is the remainder when w is divided by 21?
18
Let v(u) be the third derivative of -5*u**4/12 - 2*u**2 + 5*u. Calculate the remainder when v(-1) is divided by 6.
4
Let q(t) = 3 - t - 7 - 1 - 6*t. What is the remainder when 5 is divided by q(-1)?
1
Suppose -3*o - 3*c + 212 = 56, -4*o = -5*c - 253. Let v(x) = -42 - x + 16 + 40 + 22. What is the remainder when o is divided by v(16)?
17
Suppose 0 = 5*d - m - 9 - 0, -25 = -5*d + 5*m. Suppose 0 = 2*h + 10, -h + d + 0 = 2*g. What is the remainder when 78/(g + (-6)/3) is divided by 21?
15
What is the remainder when 10 + 5 - 7 - -315 is divided by 112?
99
Suppose -2*l + 6*l + 20 = -k, 4*l + 20 = k. Suppose -3*v + 4*a - 3*a = -5, 4*a - 16 = k. What is the remainder when 42 is divided by v?
0
Let b be (-1)/((-17)/(-102) - 2/(-6)). Let z(l) = -417*l - 80. What is the remainder when z(b) is divided by 63?
61
Suppose 5*h - 24 = 2*h. Let o = -212154 + 212655. What is the remainder when o is divided by h?
5
Suppose p + p = g + 15, 2*p - 2*g = 20. Suppose 2*m - 70 = -2*d, 7*m - 58 = p*m - 5*d. What is the remainder when m is divided by 11?
6
Suppose 379 + 3100 = 33*r + 16*r. Calculate the remainder when 2 + 0 - 62*-2 is divided by r.
55
Suppose -129 = -3*j - 3*y, -290*j + 2*y + 94 = -288*j. Calculate the remainder when 127 - ((1 - 2) + 1) is divided by j.
37
Suppose 262*j - 271*j + 522 = 0. Calculate the remainder when j is divided by 3 + -2 - (0 - 1)*11.
10
Suppose 0*h - 10 = -2*h. Let o = -16 + 24. Suppose -o*i = -h*i - 207. Calculate the remainder when i is divided by 18.
15
Let x(n) = -n**3 + 7*n**2 + 3*n + 14. Let u be x(-6). Suppose 518 = 6*f + u. Calculate the remainder when ((-8)/12)/((-4)/102) is divided by f.
8
Suppose -15*i + 182 = -238. Suppose 3*t + 9 = 0, -w + t = -3*w + 19. Calculate the remainder when i is divided by 2*(-1)/(-2)*w.
6
Suppose 2*o - 3*o + 28 = 0. Suppose -o*a = -32*a + 128. Suppose -a = -4*q + 48. What is the remainder when 79 is divided by q?
19
Suppose -54*p - p + 6432 - 107 = 0. Calculate the remainder when 190 is divided by p.
75
Let o = -411 - -415. Suppose -2*a - 4*d + 24 = 0, o*a - 60 = -a - d. Calculate the remainder when 43 is divided by a.
7
Suppose 21*j = 38*j - 2992 - 1598. Calculate the remainder when j is divided by 154.
116
Suppose -6*s + 3*s = -48. Let v = s + 9. What is the remainder when 38 is divided by 74/5 + (-20)/v?
10
Let m = 352 - 326. Suppose -6*b + 22 = -m. Let z(o) = o**2 + o - 1. What is the remainder when z(-5) is divided by b?
3
Let r = 72 + -73. What is the remainder when 208 is divided by r + 21 + (-6 - (-9 - -2))?
19
Suppose 0 = k - 4 - 4. Let y(r) = 8*r - 45. Calculate the remainder when 73 is divided by y(k).
16
Let g = 302 + -485. Let a = -77 - g. Calculate the remainder when a is divided by 18.
16
Let p be (-498)/(-102) + 3 + 147/(-51). Suppose 2*v - 20 = -10, 2*u = p*v + 41. What is the remainder when 62 is divided by u?
29
Let y(p) = -101*p + 418. What is the remainder when 1493 is divided by y(4)?
9
Let s = 83 - -66. Let h = 193896 - 193887. What is the remainder when s is divided by h?
5
Suppose -48 - 1860 = -4*w. Suppose -w = -3*g - 78. What is the remainder when g is divided by 15?
13
Suppose -3*y + 468 = 5*g, -21*g + 22*g + 2*y - 88 = 0. What is the remainder when g is divided by 21?
12
Suppose 3*z - 553 - 212 = 0. Suppose w = -4*n + 340, -663 = -5*n + 3*w - z. Calculate the remainder when n is divided by 43.
41
Let j(z) = 167*z - 652. Calculate the remainder when j(13) is divided by 253.
1
Let i = -5 + 8. Let d be 5*(-1*55 - -4)/5. Let h = -46 - d. What is the remainder when h is divided by i?
2
Suppose 5*g + 656 = -3*a, -4*g + 0*a + 2*a = 516. Let f = 222 + g. Calculate the remainder when f is divided by 32.
28
Let c be (-52)/78 + 8/3. Suppose 990 = c*j + 4*j. Suppose -40 - j = -5*d. What is the remainder when d is divided by 14?
13
Let z(c) = 13*c**2 + 7*c - 18. Let p = -427 + 430. What is the remainder when z(p) is divided by 14?
8
Suppose -12*p - 34*p + 226982 = -15*p. Calculate the remainder when p is divided by 25.
22
Let s(r) = r + 133. Let i be s(-12). Suppose 8*t - 39 = i. What is the remainder when t is divided by (-13)/(1/(-1) - 0)?
7
Let q = -5700 - -5936. Calculate the remainder when 959 is divided by q.
15
Suppose -6010 + 6024 = a. What is the remainder when 2693 is divided by a?
5
Let x(a) = a**2 - 44*a - 705. What is the remainder when 104 is divided by x(-13)?
32
Let d = -161 - -117. Let n = 89 + d. Calculate the remainder when n is divided by 8.
5
What is the remainder when 13296 is divided by 1/(-32) + (-581279)/(-4064)?
140
Let o = -32 - -59. Calculate the remainder when 212/6*(-6)/(-4) is divided by o.
26
Let l(p) = 10*p**2 + 2*p + 1. Let c(a) = -a**3 - 17*a**2 + a - 131. Calculate the remainder when c(-18) is divided by l(2).
40
Let q = 256 - 148. Let m(f) = 2*f**3 + 23*f**2 - 8*f - 7. What is the remainder when q is divided by m(-1)?
20
Let i = -2005 - -3125. What is the remainder when i is divided by 33?
31
Let u(p) = -p**3 + 5*p**2 + 9*p - 8. Suppose 162 = 202*f - 241*f + 2346. Calculate the remainder when f is divided by u(6).
6
Let o = -2213 + 5511. What is the remainder when o is divided by 11?
9
Suppose 7442 = 17*u + 2818. Let j = u + -234. Calculate the remainder when j is divided by 6.
2
Let s(t) = -t**3 - t**2 + 10*t - 4. Let b be s(-4). Suppose 3*r = n - 24, b*n - r + 5*r - 128 = 0. What is the remainder when 83 is divided by n?
23
Let z(b) = -42 - 10*b + b**2 + 2 + 4*b. Let l be z(12). Suppose 3*q - 76 = l. What is the remainder when 69 is divided by q?
33
Let x(a) = 3*a - 18. Let q be x(8). Let r be 13312/48 - (1 - -1)/q. Let v = -193 + r. What is the remainder when v is divided by 17?
16
Suppose -r - x - 1580 + 2425 = 0, -x - 4 = 0. Calculate the remainder when r is divided by 37.
35
Let k(m) = m - 1. Let b(f) = f**2 + 7*f - 13. Let y be b(-8). Let d(j) = -6*j - 1. Let v(h) = y*k(h) - d(h). What is the remainder when 21 is divided by v(0)?
3
Suppose 9*o = 3*o - 7152. Calculate the remainder when 114 is divided by o/(-40) + 12/(-15).
27
Let k(v) = -v**2 + 55*v + 113. Let d be k(28). Suppose -29*q = -697 - d. What is the remainder when q is divided by 8?
6
Suppose -4*n - 21 = -7*n. Suppose -n*a = -2*a + 5, 5*t - 93 = 3*a. What is the remainder when 105 is divided by t?
15
Let q(t) = 90*t**2 - 2*t + 3. Let z be q(1). Suppose -9*h + 206 = -2*u - 277, 2*h + 5*u = z. Calculate the remainder when 157 is divided by h.
51
Suppose -34*v + 2*z = -31*v - 68, 0 = 2*v - 8*z - 12. Calculate the remainder when 251 is divided by v.
17
Let q = -51 - -114. Suppose 11*i - 3*b - 59 = 9*i, -2*i = b - 39. What is the remainder when q is divided by i?
19
Suppose 2*i - 3 = 5*l + 6, -28 = i + 4*l. Let g(f) = -2*f + 7. Suppose -2*x + 17 = -209. What is the remainder when x is divided by g(i)?
21
Let s be (-1022)/28*1*(0 + -2). Let k = s + -30. Suppose -5*x - 4*c + 72 = -k, x - 3*c = 4. Calculate the remainder when x is divided by 10.
9
Let o = 644 + -644. Suppose 4*f - 20*f + 752 = o. What is the remainder when 133 is divided by f?
39
Calculate the remainder when 722 is divided by 6 - (92/(-10))/((-1)/(-5)).
46
Let h(x) = -x - 16. Calculate the remainder when 558 is divided by h(-29).
12
Suppose 0 = -j + 34 - 7. Suppose -15 = -j*p + 22*p. Suppose 5*k = -p*l + 58, 4*k - 9 = l - 0*k. What is the remainder when 52 is divided by l?
8
Let a(v) = 4*v - 22. Let q be a(6). Suppose 2*x = q - 14. What is the remainder when (-1*1)/(x/258) is divided by 12?
7
Let o(p) = -576*p**3 - 6*p**2 + 90*p + 184. Calculate the r